ivided by 26.
22
Let v(b) be the first derivative of b**4 - 61*b**3/3 + 15*b**2/2 + 3*b - 89. What is the remainder when 20 is divided by v(15)?
2
Let f(q) = 71*q**2 + 136*q - 276. What is the remainder when 297 is divided by f(2)?
17
Let s be (-36)/252 - (-256)/28. Let b(d) = d + 5. Let r be b(5). Suppose r*j - 29 = s*j. What is the remainder when j is divided by 19?
10
What is the remainder when 24/20*640/(-96) + 7054 is divided by 235?
231
Let a = -4 - 1. Let u(t) = 4*t**3 - 13*t + 5. Let s(x) = 3*x**3 - 9*x + 3. Let d(g) = a*u(g) + 7*s(g). Calculate the remainder when d(3) is divided by 11.
7
Let j = 3369 - 3352. Calculate the remainder when 3619 is divided by j.
15
Let s(j) = -8*j**3 + j**2. Suppose -i + 3*t - 6 = 2*i, t - 2 = 0. Suppose o + 3*z + 16 = i, z + 5 = -0*z. What is the remainder when 33 is divided by s(o)?
6
Let p(u) = 5*u**2 + 42*u - 10. Suppose 5*o - 12 = 8. Suppose 5*f - 478 = -o*j, -j - j = 2*f - 190. Calculate the remainder when f is divided by p(-9).
13
Let c = 17864 - 17820. Calculate the remainder when 274 is divided by c.
10
Suppose 4*k - 20 = 4*d, 2*d - 3*k - 65 = 7*d. Let t be (12/d)/(1/(-5)). Let i(g) = g**3 - 5*g**2 - 5*g + 10. What is the remainder when 62 is divided by i(t)?
14
Let o(f) = -2*f**3 - 62*f**2 + 65*f + 33. What is the remainder when 124 is divided by o(-32)?
0
Let d = 19914 - 19882. Calculate the remainder when 141 is divided by d.
13
Suppose -363 = -4*c - t, -2*c - 84*t + 183 = -85*t. What is the remainder when 821 is divided by c?
2
Let j = 125 - 1. Suppose -3*m + 30 = 8*z - 5*z, 5*m - 37 = -4*z. What is the remainder when j is divided by z?
7
Let p = -3 - -7. Suppose 0 = 3*y + 30, 4870*y - 4867*y = -2*w - 10. What is the remainder when w is divided by p?
2
Let h(f) = f**2 - 4*f - 1. Let n be h(5). Let o be 348/22 + n - 2/(-11). Suppose 3*d - o = 172. Calculate the remainder when d is divided by 17.
13
Suppose 0 = -j + 4*k + 84, 13*k = -4*j + 8*k + 189. Suppose -4*l + s = -2, 4*s - 5 - 3 = 0. What is the remainder when j is divided by l?
0
Let q = -7754 + 7809. Calculate the remainder when 2912 is divided by q.
52
Suppose -3*v - 20 = 5*k, 22 = -3*v - k - 3*k. Suppose 28 = 4*t + 3*d, 2*t + 3*d - 8*d - 14 = 0. Calculate the remainder when 204/10 + 4/v is divided by t.
6
Suppose 5*b + 785 = 2*j + 62, 5*j + b = 1848. Let w = j - 230. What is the remainder when w is divided by 43?
10
Let s = 20 + 24. Let w(b) = 4*b**2 + 9*b - 5. Let g be -4*2*(60/(-8))/(-15). What is the remainder when s is divided by w(g)?
21
Let j = 16673 - 16659. What is the remainder when 908 is divided by j?
12
Let v = -5656 - -5732. What is the remainder when 232 is divided by v?
4
Suppose w + 2*n = 2, 5*w - 4*n - 110 + 16 = 0. Suppose 3*r = 388 - 223. What is the remainder when r is divided by w?
13
Let h(y) = -107*y**3 + 2*y**2 + y - 2. Suppose 17*m = 1 - 18. What is the remainder when h(m) is divided by 59?
47
Let l = 692 + -433. Calculate the remainder when l is divided by 63.
7
Let a(b) be the first derivative of 17*b**4/4 + 2*b**3/3 - b**2/2 + b + 3820. Suppose 5 = 5*h - 0. What is the remainder when 55 is divided by a(h)?
17
What is the remainder when (-588)/(-882) - (-12766)/3 is divided by 30?
26
Let v = 3609 - 3577. Calculate the remainder when 1715 is divided by v.
19
Suppose 1062 = 21*x + 453. What is the remainder when 1651 is divided by x?
27
Calculate the remainder when 43/((-45)/30 + (-86)/(-56)) is divided by 18.
16
Calculate the remainder when (54/108)/(2/4172) is divided by 268.
239
Let n(m) = -m + 43. Let l be n(11). Suppose 26*j - l*j = -114. Calculate the remainder when 94 is divided by j.
18
Let x(g) = g**2 + 16*g + 20. Let q = 253 - -164. Calculate the remainder when q is divided by x(-16).
17
Let s = -155 + 1738. Calculate the remainder when s is divided by 66.
65
Let l(f) = 46 - 8*f - 105 - 61. Calculate the remainder when (0 + -1)/(2/(-58)) is divided by l(-17).
13
Suppose 80 = 5*c - 5*y, -3*c + 0*y + 44 = -2*y. Let q = 20 + -15. Let l(d) = d**3 - 3*d**2 - 6*d + 25. Calculate the remainder when l(q) is divided by c.
9
Let o(f) = f**3 + 11*f**2 + f + 31. Suppose -19*x = -9 - 941. Calculate the remainder when x is divided by o(0).
19
What is the remainder when 914 is divided by (-6)/(-3 + (-8325)/(-695) + -9)?
80
Let j(w) = 3 + 8 - 13 - 125*w. Let m be j(-1). Suppose 4*i - 125 = m. What is the remainder when i is divided by 21?
20
Calculate the remainder when 937 is divided by (-2)/(-3)*12/8*(-480)/(-2).
217
Calculate the remainder when 653 is divided by 2 - (18 - 2)*-6.
65
Calculate the remainder when (-158 - 0)/((-108)/52 + 2) is divided by 121.
118
Suppose 2*i = 3*c + 183, -2*i + 39 = -c - 154. What is the remainder when 4453 is divided by i?
97
Suppose -5*l - 102 = -72, 4*l - 240 = -4*u. Calculate the remainder when 329 is divided by u.
65
Let n = 32 - 5. Suppose -2*u + 4*y = 3*u - 26, -u - y - 2 = 0. Suppose 0 = -u*k + 4, 0 = 2*x - 2*k - 161 - 49. What is the remainder when x is divided by n?
26
Let l(t) = -105*t - 797. Calculate the remainder when l(-19) is divided by 113.
68
Suppose 4*y = 4, 0 = -2*u + y + 3*y - 458. Let z = 133 + u. Let c = -20 - z. Calculate the remainder when c is divided by 11.
8
Let c = 240 - 215. Let r = c + 76. What is the remainder when r is divided by 15?
11
Let m = -1895 - -1987. Let c(t) = -7*t - 1. What is the remainder when m is divided by c(-4)?
11
Let s = 31238 - 31233. Calculate the remainder when 2297 is divided by s.
2
Let l(y) = y**3 - 15*y**2 - 46*y - 123. What is the remainder when 4469 is divided by l(18)?
17
Let s(m) = -m**2 + 20*m + 336. What is the remainder when 1170 is divided by s(27)?
141
Let x(o) = -2*o + 30. Let b(h) = -h**3 + 3*h**2 + h + 2. Let a be b(3). Calculate the remainder when a + -1 - (-37 - 4) is divided by x(9).
9
Suppose 4*p = 2*p + 318. Let x be (44 + 0)*(7/14 - 0). Suppose 5*s - 68 = x. What is the remainder when p is divided by s?
15
Let l(w) = w**3 + 12*w**2 - w - 2. Let u be l(-12). What is the remainder when -874*((-6)/18)/(u/15) is divided by 73?
72
Suppose -s - 153 = 2*m - 4*m, 0 = 4*m + s - 309. Let j(t) = 75 + 77 - 151 - 7*t - t**2. What is the remainder when m is divided by j(-4)?
12
Let x = 4114 + -3584. Calculate the remainder when x is divided by 23.
1
Let z be (-90)/(-18)*(1 - 0)*-51. Let r = 269 + z. What is the remainder when 52 is divided by r?
10
Let f(i) = 32*i + 123. Let d(o) = -95*o - 368. Let b(u) = 6*d(u) + 17*f(u). Calculate the remainder when 176 is divided by b(-5).
7
Suppose -3*u + 445 = -140. Suppose 0 = -b - 41*b + 2688. What is the remainder when u is divided by b?
3
Suppose 137 + 213 = 24*v + 14. What is the remainder when 2505 is divided by v?
13
Let w be 2/(-24)*-4 + 933/9. Suppose n + n - 3*x - 108 = 0, -2*x - w = -2*n. Calculate the remainder when 91 is divided by n.
43
Suppose 1127 = 5*n - 4*f, 2*n - 4*f - 246 = 200. What is the remainder when n is divided by (-2 - (-10)/3)*(-114)/(-4)?
37
Let y(w) = 46*w**2 - 2*w + 3*w + 2 + 5*w - 4*w. Suppose p - 4 = -3*z, 2*z = 3*p - 2*z - 64. Calculate the remainder when y(-1) is divided by p.
14
Suppose 3*m - 23 = h, 2*m = 24*h - 23*h + 8. Suppose -3*f + 1451 = -k, -2*f = -0*f + 2*k - 962. Calculate the remainder when f is divided by h.
21
Suppose -16*d + 2 = -15*d. Let n(c) = 6*c - 4*c**d - 4 + 4*c**3 + 2*c**3 - 5*c**3. What is the remainder when 99 is divided by n(4)?
19
Let c = -87607 + 87650. Let o(m) = 205*m**3 + m**2 + m - 1. What is the remainder when o(1) is divided by c?
34
Suppose -2*w + 3*w = -5*v + 31, -4*w + v + 145 = 0. Calculate the remainder when w is divided by (46 - -104 - -4)/7.
14
Suppose -24*m + 22644 = -36*m. Let g = m - -1910. Suppose -6*x + 272 = -2*x. Calculate the remainder when x is divided by g.
22
Let b = -15946 - -19107. Calculate the remainder when b is divided by 317.
308
Let i be -2*(-3)/(-12) + (-1932)/(-24). Suppose 0 = o - 6*o + i. Calculate the remainder when 25 is divided by o.
9
Let d(z) = 3*z. Let g be d(5). What is the remainder when ((-10)/g + 1)*87 is divided by 0 - (8 - -1)*-1?
2
Suppose 0*p + 13*p - 39 = 0. Suppose 2*l - 6*l - 40 = -p*k, 5*l = -3*k - 50. What is the remainder when 107 is divided by (l/30)/(1/(-30))?
7
Suppose 407 = 9*u + 5*q, 0 = 5*u - 3*u + 3*q - 81. Calculate the remainder when 475 is divided by 